{"id":174,"date":"2024-09-08T15:28:31","date_gmt":"2024-09-08T13:28:31","guid":{"rendered":"https:\/\/playground.schmid.ch\/?page_id=174"},"modified":"2026-02-10T14:03:58","modified_gmt":"2026-02-10T12:03:58","slug":"datenschutz","status":"publish","type":"page","link":"https:\/\/www.schmid.ch\/?page_id=174","title":{"rendered":"Datenschutzerkl\u00e4rung"},"content":{"rendered":"\n<h1 class=\"wp-block-heading\">1 Datenschutzerkl\u00e4rung<\/h1>\n\n\n\n<p>Die vorliegende Datenschutzerkl\u00e4rung kl\u00e4rt Sie \u00fcber die Art, den Umfang und den Zweck der Erhebung und Verwendung personenbezogener Daten auf unserer Website www.schmid.ch (im Folgenden \u201eWebsite\u201c) durch die Schmid ImmoFin AG (im Folgenden \u201ewir\u201c oder \u201euns\u201c) auf und gibt \u00fcber die Ihnen zustehenden Rechte Auskunft. Diese Rechte richten sich nach den anwendbaren Datenschutzgesetzen.<\/p>\n\n\n\n<h2 class=\"wp-block-heading\">2 Verantwortlicher f\u00fcr die Datenbearbeitung<\/h2>\n\n\n\n<p>Verantwortlicher f\u00fcr die Datenbearbeitung auf dieser Website und Ansprechpartner f\u00fcr Datenschutzanliegen ist:<\/p>\n\n\n\n<div class=\"wp-block-group is-vertical is-layout-flex wp-container-core-group-is-layout-fe9cc265 wp-block-group-is-layout-flex\">\n<p>Schmid ImmoFin AG<br>Daniel Schmid<br>Ettenhauserstrasse 12<br>8620 Wetzikon<\/p>\n\n\n\n<p><a href=\"mailto:info@schmid.ch\">kontakt@schmid.ch<\/a><\/p>\n<\/div>\n\n\n\n<h2 class=\"wp-block-heading\">3 Datenerfassung auf dieser Website<\/h2>\n\n\n\n<h3 class=\"wp-block-heading\">3.1 Logfiles<\/h3>\n\n\n\n<p>Unsere Website wird von Metanet (Josefstrasse 218, CH-8005 Z\u00fcrich) gehostet. Zur Optimierung und Aufrechterhaltung unserer Website protokollieren wir technische Fehler, die beim Aufrufen unserer Website allenfalls auftreten. Ferner werden bei der Nutzung dieser Website automatisch Informationen erhoben, die der Browser Ihres Endger\u00e4ts an unseren Host-Provider \u00fcbermittelt. Dies sind:<\/p>\n\n\n\n<ul class=\"wp-block-list\">\n<li>IP-Adresse und Betriebssystem Ihres Endger\u00e4ts,<\/li>\n\n\n\n<li>Browsertyp, Version, Sprache,<\/li>\n\n\n\n<li>Datum und Uhrzeit der Serveranfrage,<\/li>\n\n\n\n<li>aufgerufene Datei,<\/li>\n\n\n\n<li>die Website, von der aus der Zugriff erfolgte (Referrer URL),<\/li>\n\n\n\n<li>den Status-Code (z.B. 404) und<\/li>\n\n\n\n<li>das verwendete \u00dcbertragungsprotokoll (z.B. HTTP\/2).<\/li>\n<\/ul>\n\n\n\n<p>Diese Daten werden von unserem Host-Provider erhoben und gespeichert, um Prozesse und Abl\u00e4ufe insbesondere in Zusammenhang mit der Nutzung unserer Website und der Sicherheit und Stabilit\u00e4t des Computersystems optimieren zu k\u00f6nnen.<\/p>\n\n\n\n<p>Weitere Informationen finden Sie in der Datenschutzerkl\u00e4rung der Metanet unter <a href=\"https:\/\/www.metanet.ch\/de\/ueber-metanet\/datenschutzerklaerung\" target=\"_blank\" rel=\"noreferrer noopener\">https:\/\/www.metanet.ch\/de\/ueber-metanet\/datenschutzerklaerung<\/a>.<\/p>\n\n\n\n<p>Sofern die DSGVO anwendbar ist, sind Grundlage f\u00fcr diese Datenbearbeitung Art. 6 Abs. 1 lit. f DSGVO.<\/p>\n\n\n\n<h3 class=\"wp-block-heading\">3.2 Cookies<\/h3>\n\n\n\n<p>Wir setzen auf unserer Website keine Cookies ein. Cookies sind kleine Dateien, die auf Ihrem Endger\u00e4t abgelegt werden und die Ihr Browser speichert.<\/p>\n\n\n\n<h2 class=\"wp-block-heading\">4 Externe Dienste<\/h2>\n\n\n\n<p>Auf unserer Website setzen wir keine Dienste von Drittanbietern ein.<\/p>\n\n\n\n<h2 class=\"wp-block-heading\">5 Links<\/h2>\n\n\n\n<p>Auf unserer Website finden Sie Links auf Seiten von Drittanbietern. Wir sind nicht verantwortlich f\u00fcr die Inhalte und Datenschutzvorkehrungen auf externen Websites, welche Sie \u00fcber die Links erreichen k\u00f6nnen. Bitte informieren Sie sich \u00fcber den Datenschutz direkt auf den entsprechenden Websites.<\/p>\n\n\n\n<h2 class=\"wp-block-heading\">6 Weitergabe von Daten an Dritte<\/h2>\n\n\n\n<p>Damit wir Ihnen die Informationen auf unserer Website anbieten k\u00f6nnen, arbeiten wir mit verschiedenen Dienstleistern zusammen, namentlich mit IT-Dienstleistern, um Ihnen eine zeitgem\u00e4sse Website anbieten zu k\u00f6nnen. Diese verwenden Ihre Daten nur im Rahmen der Auftragsabwicklungen f\u00fcr uns.<br>Wir nehmen eine Daten\u00fcbermittlung an Stellen ausserhalb der Schweiz und der Europ\u00e4ischen Union (Drittstaat) ohne Ihre Einwilligung nur vor, sofern dies nach dem jeweiligen Vertrag erforderlich ist, zur Erf\u00fcllung gesetzlicher Verpflichtungen oder zur Wahrung unserer berechtigten Interessen.<\/p>\n\n\n\n<h2 class=\"wp-block-heading\">7 Ihre Rechte<\/h2>\n\n\n\n<p>Soweit von dem auf Sie anwendbaren Datenschutzrecht vorgesehen, k\u00f6nnen Sie unentgeltlich Auskunft \u00fcber die auf Sie bezogenen gespeicherten Daten, deren Herkunft und Empf\u00e4nger und den Zweck der Datenbearbeitung verlangen. Ebenso steht Ihnen unter den gesetzlichen Voraussetzungen ein Recht auf Berichtigung, L\u00f6schung, Einschr\u00e4nkung der oder Widerspruch gegen die Bearbeitung sowie, sofern die DSGVO zur Anwendung gelangt, auf Herausgabe dieser Daten zur \u00dcbertragung an eine andere Stelle zu.<br>Eine von Ihnen erteilte Einwilligung k\u00f6nnen Sie mit Wirkung f\u00fcr die Zukunft jederzeit widerrufen. Dazu reicht eine formlose Mitteilung per E-Mail an uns.<br>Bitte beachten Sie, dass die vorstehenden Rechte gesetzlichen Einschr\u00e4nkungen unterstehen und ggf. die Erbringung unserer Dienstleistungen beeintr\u00e4chtigen oder verunm\u00f6glichen k\u00f6nnen.<br>Sie sind berechtigt, Ihre Anspr\u00fcche gerichtlich durchzusetzen oder eine Beschwerde bei der zust\u00e4ndigen Datenschutzbeh\u00f6rde einzureichen. F\u00fcr die Schweiz ist der Eidgen\u00f6ssische Datenschutz- und \u00d6ffentlichkeitsbeauftragte zust\u00e4ndig (http:\/\/www.edoeb.admin.ch).<\/p>\n\n\n\n<h2 class=\"wp-block-heading\">8 Aktualit\u00e4t und \u00c4nderung dieser Datenschutzerkl\u00e4rung<\/h2>\n\n\n\n<p>Wir k\u00f6nnen diese Datenschutzerkl\u00e4rung jederzeit \u00e4ndern oder anpassen. Die aktuelle Datenschutzerkl\u00e4rung kann auf www.schmid.ch abgerufen werden.<\/p>\n","protected":false},"excerpt":{"rendered":"<p>1 Datenschutzerkl\u00e4rung Die vorliegende Datenschutzerkl\u00e4rung kl\u00e4rt Sie \u00fcber die Art, den Umfang und den Zweck der Erhebung und Verwendung personenbezogener Daten auf unserer Website www.schmid.ch (im Folgenden \u201eWebsite\u201c) durch die Schmid ImmoFin AG (im Folgenden \u201ewir\u201c oder \u201euns\u201c) auf und gibt \u00fcber die Ihnen zustehenden Rechte Auskunft. Diese Rechte richten sich nach den anwendbaren Datenschutzgesetzen. [&hellip;]<\/p>\n","protected":false},"author":1,"featured_media":0,"parent":0,"menu_order":0,"comment_status":"closed","ping_status":"closed","template":"","meta":{"footnotes":""},"class_list":["post-174","page","type-page","status-publish","hentry"],"_links":{"self":[{"href":"https:\/\/www.schmid.ch\/index.php?rest_route=\/wp\/v2\/pages\/174","targetHints":{"allow":["GET"]}}],"collection":[{"href":"https:\/\/www.schmid.ch\/index.php?rest_route=\/wp\/v2\/pages"}],"about":[{"href":"https:\/\/www.schmid.ch\/index.php?rest_route=\/wp\/v2\/types\/page"}],"author":[{"embeddable":true,"href":"https:\/\/www.schmid.ch\/index.php?rest_route=\/wp\/v2\/users\/1"}],"replies":[{"embeddable":true,"href":"https:\/\/www.schmid.ch\/index.php?rest_route=%2Fwp%2Fv2%2Fcomments&post=174"}],"version-history":[{"count":5,"href":"https:\/\/www.schmid.ch\/index.php?rest_route=\/wp\/v2\/pages\/174\/revisions"}],"predecessor-version":[{"id":213,"href":"https:\/\/www.schmid.ch\/index.php?rest_route=\/wp\/v2\/pages\/174\/revisions\/213"}],"wp:attachment":[{"href":"https:\/\/www.schmid.ch\/index.php?rest_route=%2Fwp%2Fv2%2Fmedia&parent=174"}],"curies":[{"name":"wp","href":"https:\/\/api.w.org\/{rel}","templated":true}]}}